{"id":8161,"date":"2010-05-07T16:02:12","date_gmt":"2010-05-07T15:02:12","guid":{"rendered":"https:\/\/deustokom.deusto.es\/wp-content\/uploads\/La-donostiarra-Amaia-Garc\u00eda-en-Paris-el-a\u00f1o-pasado.jpg"},"modified":"2010-05-07T16:02:12","modified_gmt":"2010-05-07T15:02:12","slug":"la-donostiarra-amaia-garcia-en-paris-el-ano-pasado-2","status":"inherit","type":"attachment","link":"https:\/\/deustokom.news\/eu\/la-donostiarra-amaia-garcia-en-paris-el-ano-pasado-2","title":{"rendered":"La donostiarra Amaia Garc\u00eda en Paris, el a\u00f1o pasado"},"author":4,"featured_media":0,"comment_status":"open","ping_status":"closed","template":"","meta":{"_acf_changed":false},"class_list":["post-8161","attachment","type-attachment","status-inherit"],"acf":[],"description":{"rendered":"<p class=\"attachment\"><a href='https:\/\/deustokom.news\/wp-content\/uploads\/La-donostiarra-Amaia-Garc\u00eda-en-Paris-el-a\u00f1o-pasado.jpg'><img loading=\"lazy\" decoding=\"async\" width=\"508\" height=\"353\" src=\"https:\/\/deustokom.news\/wp-content\/uploads\/La-donostiarra-Amaia-Garc\u00eda-en-Paris-el-a\u00f1o-pasado.jpg\" class=\"attachment-medium size-medium\" alt=\"\" \/><\/a><\/p>\n<p>La donostiarra Amaia Garc\u00eda en Paris, el a\u00f1o pasado<\/p>\n"},"caption":{"rendered":"<div class=\"mh-excerpt\"><p>La donostiarra Amaia Garc\u00eda en Paris, el a\u00f1o pasado <a class=\"mh-excerpt-more\" href=\"https:\/\/deustokom.news\/eu\/la-donostiarra-amaia-garcia-en-paris-el-ano-pasado-2\" title=\"La donostiarra Amaia Garc\u00eda en Paris, el a\u00f1o pasado\">[&#8230;]<\/a><\/p>\n<\/div>"},"alt_text":"","media_type":"image","mime_type":"image\/jpeg","media_details":{"width":508,"height":353,"file":"La-donostiarra-Amaia-Garc\u00eda-en-Paris-el-a\u00f1o-pasado.jpg","sizes":{"thumbnail":{"file":"La-donostiarra-Amaia-Garc\u00eda-en-Paris-el-a\u00f1o-pasado-300x100.jpg","width":300,"height":100,"mime_type":"image\/jpeg","source_url":"https:\/\/deustokom.news\/wp-content\/uploads\/La-donostiarra-Amaia-Garc\u00eda-en-Paris-el-a\u00f1o-pasado-300x100.jpg"},"crop_940":{"file":"La-donostiarra-Amaia-Garc\u00eda-en-Paris-el-a\u00f1o-pasado-508x313.jpg","width":508,"height":313,"mime_type":"image\/jpeg","source_url":"https:\/\/deustokom.news\/wp-content\/uploads\/La-donostiarra-Amaia-Garc\u00eda-en-Paris-el-a\u00f1o-pasado-508x313.jpg"},"crop_640":{"file":"La-donostiarra-Amaia-Garc\u00eda-en-Paris-el-a\u00f1o-pasado-508x213.jpg","width":508,"height":213,"mime_type":"image\/jpeg","source_url":"https:\/\/deustokom.news\/wp-content\/uploads\/La-donostiarra-Amaia-Garc\u00eda-en-Paris-el-a\u00f1o-pasado-508x213.jpg"},"full":{"file":"La-donostiarra-Amaia-Garc\u00eda-en-Paris-el-a\u00f1o-pasado.jpg","width":508,"height":353,"mime_type":"image\/jpeg","source_url":"https:\/\/deustokom.news\/wp-content\/uploads\/La-donostiarra-Amaia-Garc\u00eda-en-Paris-el-a\u00f1o-pasado.jpg"}},"image_meta":{"aperture":0,"credit":"","camera":"","caption":"","created_timestamp":0,"copyright":"","focal_length":0,"iso":0,"shutter_speed":0,"title":"","orientation":0}},"post":null,"source_url":"https:\/\/deustokom.news\/wp-content\/uploads\/La-donostiarra-Amaia-Garc\u00eda-en-Paris-el-a\u00f1o-pasado.jpg","_links":{"self":[{"href":"https:\/\/deustokom.news\/eu\/wp-json\/wp\/v2\/media\/8161","targetHints":{"allow":["GET"]}}],"collection":[{"href":"https:\/\/deustokom.news\/eu\/wp-json\/wp\/v2\/media"}],"about":[{"href":"https:\/\/deustokom.news\/eu\/wp-json\/wp\/v2\/types\/attachment"}],"author":[{"embeddable":true,"href":"https:\/\/deustokom.news\/eu\/wp-json\/wp\/v2\/users\/4"}],"replies":[{"embeddable":true,"href":"https:\/\/deustokom.news\/eu\/wp-json\/wp\/v2\/comments?post=8161"}]}}

https://deustokom.deusto.es/wp-content/uploads/La-donostiarra-Amaia-García-en-Paris-el-año-pasado.jpg

La donostiarra Amaia García en Paris, el año pasado

<p class="attachment"><a href='https://deustokom.news/wp-content/uploads/La-donostiarra-Amaia-García-en-Paris-el-año-pasado.jpg'><img loading="lazy" decoding="async" width="508" height="353" src="https://deustokom.news/wp-content/uploads/La-donostiarra-Amaia-García-en-Paris-el-año-pasado.jpg" class="attachment-medium size-medium" alt="" /></a></p>
<p>La donostiarra Amaia García en Paris, el año pasado</p>

<div class="mh-excerpt"><p>La donostiarra Amaia García en Paris, el año pasado <a class="mh-excerpt-more" href="https://deustokom.news/eu/la-donostiarra-amaia-garcia-en-paris-el-ano-pasado-2" title="La donostiarra Amaia García en Paris, el año pasado">[&#8230;]</a></p>
</div>

La-donostiarra-Amaia-García-en-Paris-el-año-pasado.jpg

La-donostiarra-Amaia-García-en-Paris-el-año-pasado-300x100.jpg

https://deustokom.news/wp-content/uploads/La-donostiarra-Amaia-García-en-Paris-el-año-pasado-300x100.jpg

La-donostiarra-Amaia-García-en-Paris-el-año-pasado-508x313.jpg

https://deustokom.news/wp-content/uploads/La-donostiarra-Amaia-García-en-Paris-el-año-pasado-508x313.jpg

La-donostiarra-Amaia-García-en-Paris-el-año-pasado-508x213.jpg

https://deustokom.news/wp-content/uploads/La-donostiarra-Amaia-García-en-Paris-el-año-pasado-508x213.jpg

https://deustokom.news/wp-content/uploads/La-donostiarra-Amaia-García-en-Paris-el-año-pasado.jpg
